2/(-42)?
2
Let b(d) = -d**3 - 8*d**2 - 7*d + 9. Let h be b(-7). Let g be 12/h - 46/(-6). Let a = -3 + g. What is the units digit of a?
6
Let g(f) = f**3 - 3*f + 11. What is the hundreds digit of g(13)?
1
Let j(v) = -109*v - 3. Let r be j(-2). Suppose -118 = 2*i - 2*q, 4*i + 3*q + 42 + r = 0. Let p = -39 - i. What is the tens digit of p?
2
Suppose 0 = 60*d - 63767 - 251473. What is the tens digit of d?
5
Suppose 4 = 4*q, 5*q + 0*q = -v + 20. What is the tens digit of 2297/v - 10/75?
5
Suppose -67*y = -87*y + 25480. What is the tens digit of y?
7
Let u be (-3)/(-2)*30/9. Suppose -4*h + u*w + 17 = 0, 7*h - 4*h - 4*w - 12 = 0. Let i = h + 0. What is the units digit of i?
8
Let u(h) = h**3 + 5*h**2 + 4*h - 1. Let t be u(-3). Let b be (-21)/(t/(60/(-9))). Suppose -5*i + b = -3*i. What is the tens digit of i?
1
Let q = 325 + -136. Suppose -3*g + 574 = h, -h + q = g - 3*h. What is the units digit of g?
1
Let c be (1 + 177/(-12))/((-3)/12). Suppose 24 = j - 4*o - 10, -c = -2*j - 5*o. What is the units digit of j?
0
Let w be 2/6*(33 + -9). Suppose -w + 4 = 2*v. What is the units digit of 6/12 + (-7)/v?
4
Let c(s) = -s + 3. Let i be c(4). Let d be -153 - 0/5*i. Let u = d + 217. What is the units digit of u?
4
Let u be ((-2)/(-3))/((-160)/84 - -2). Suppose u*z = -2*z + 342. What is the tens digit of z?
3
Let j = 11 + -6. Suppose -5*g + i + 15 = 0, -j*g - 2*i + 5 = -i. What is the units digit of 1*(g - (-32 + -1))?
5
Let k = 71 + 39. Suppose a - 6*a + 275 = -5*n, 0 = -2*a + n + k. What is the units digit of a?
5
Let v(d) = 3*d**2 + 7*d - 19. What is the tens digit of v(-14)?
7
Let f(q) = 2*q**3 + q**2 - 2*q - 8. Let m(b) = -3*b**3 + 2*b + 9. Let p(x) = 4*f(x) + 3*m(x). What is the units digit of p(-3)?
4
Let b = -219 + 1495. What is the hundreds digit of b?
2
Let o be 7/(-14)*148/1. Let m be (155/15)/(2/(-6)). Let n = m - o. What is the units digit of n?
3
Let q = -3005 + 4702. What is the units digit of q?
7
Let v be 60/15 + (2 - 1). Suppose -v*z + 32 = 2*c - 3*c, 12 = z - 3*c. What is the units digit of z?
6
Let w(a) = a**3 - 18*a**2 - 2*a - 76. What is the units digit of w(22)?
6
Let l = 630 + -278. What is the hundreds digit of l?
3
Suppose 4*b = 3*d + 2*d + 177, -4*d - 20 = 0. Suppose b = -m + 131. What is the tens digit of m?
9
Suppose -5 = -5*z + 35. Suppose -6*k = -10*k + z. Suppose k*i = 10, -d + 2*i = i - 9. What is the tens digit of d?
1
Let a = -3536 + 6667. What is the thousands digit of a?
3
Let d(n) = 4*n + 5. Let u be 1 + 10 + 12/(-4). Suppose 3*l + u = 2*b + 29, -5*l = b - 22. What is the tens digit of d(l)?
2
Let k(y) = 2*y**2 + 2*y + 13. Let z be k(0). Suppose z*l - 4018 = -l. What is the tens digit of l?
8
Suppose 4*b - 153 + 37 = 0. Suppose -b = 2*t + 19. Let l = t - -32. What is the units digit of l?
8
Let p be -2*((-1782)/4)/9. Suppose -4*y = 271 + 9. Let h = y + p. What is the tens digit of h?
2
Let m(p) = -p**3 + 11*p**2 - 11*p + 12. Let d be m(10). Suppose d*y = y. Let j = 7 + y. What is the units digit of j?
7
Suppose 0 = 498*l - 500*l + 268. What is the hundreds digit of l?
1
Let k(w) = -w**2 + 8*w - 11. Let v be k(6). Let c be v - (9/3)/(-3). What is the units digit of 5/c - (-7)/(-14)?
2
Let l = 6952 + -3536. What is the thousands digit of l?
3
Suppose 3*g = -3*k - 4 - 20, -30 = 2*g - 5*k. Let l(x) be the first derivative of x**4/4 + 3*x**3 - 13*x**2/2 - 5*x + 3. What is the units digit of l(g)?
5
Let r = 559 - 117. What is the hundreds digit of r?
4
Let i(r) = -r**3 - 7*r**2 + 11*r. Let p be i(-8). Let a be 2/12 - 404/p. Suppose -k - a = -35. What is the units digit of k?
8
Let s be (3/3 + -2)*-3. Suppose -q = -s*q + 84. What is the units digit of q?
2
Suppose -5*n - 8 = -p, -2*n + 1 = 3. Suppose p*t = 3*z + 102, -4*t + 5*z + 81 = -52. What is the tens digit of t?
3
Let w = -89 + 111. Suppose 42*p - 44*p = -w. What is the units digit of p?
1
Suppose 244 - 2776 = -6*q. What is the tens digit of q?
2
Suppose 26*y - 19*y - 6601 = 0. What is the tens digit of y?
4
Let c(y) = -2*y**2 + 3*y**2 + 5 - 3*y + 2*y. Let l(j) = -3*j + 18. Let x be l(6). What is the units digit of c(x)?
5
Let v(a) = 4876*a**2 + 71*a + 72. What is the units digit of v(-1)?
7
Let f(a) = a**3 + 2*a**2 - 4*a - 4. Let l be f(-2). What is the tens digit of (-372)/(-24) + 2/l?
1
Suppose -26*h - 24*h = -134350. What is the tens digit of h?
8
Let v = 6 - -1. Let y(p) = -p**2 + 7*p. Let k be y(v). Let x = k + 30. What is the tens digit of x?
3
Let m(w) = 12*w - 3. Let j be m(3). Suppose -c + 70 = -3*z + 22, z - 2*c = -11. Let i = z + j. What is the tens digit of i?
1
Let m be 1 + 0/(-4) + -75. Let b be m*(-3 + (-20)/(-8)). Suppose 0 = -k + 4*a + b, 0*k + k + 3*a = 9. What is the tens digit of k?
2
Let j(n) = 3*n**3 - 39*n**2 - 22*n + 2. What is the tens digit of j(17)?
9
Let a(l) = 2*l**2 + 6*l + 30. What is the units digit of a(12)?
0
Let j be (-4 + (-28)/12)*(1 - 25). Let y = -64 + j. What is the units digit of y?
8
Let k(l) be the first derivative of -100*l**2 - 4*l + 41. What is the tens digit of k(-1)?
9
Let j(p) = -3*p + 107. Let o = 75 + -75. What is the tens digit of j(o)?
0
Suppose -4*d + 3*i - 203 = 0, -84 = 2*d + 3*i + 31. Let f = d + 139. What is the tens digit of f?
8
Let b(g) be the second derivative of 1/12*g**4 + 0 + 10*g - 5*g**2 + 1/3*g**3. What is the units digit of b(6)?
8
Suppose -58*q = 6162 - 107372. What is the thousands digit of q?
1
Suppose -29 = -4*k - h, -h + 11 = -0*k + k. What is the units digit of (k - 152/16)*(-36)/2?
3
Let n(j) = 18*j**2 + 19*j + 96. What is the units digit of n(-10)?
6
Let t(s) = 62*s - 59. What is the units digit of t(4)?
9
Suppose -16*s + 6 = -19*s, -3*d + 3*s = -222. What is the tens digit of d?
7
Let s(w) = 29*w + 7. Let n be s(7). What is the hundreds digit of n/(-63)*(0 + 636/(-10))?
2
Suppose 0 = 2*i + 5*h - 33, h - 6*h + 25 = 0. What is the units digit of 4 + (-4 - (i + -5))?
1
What is the tens digit of 80/14*(606 - 32)?
8
What is the tens digit of 204/16 + 65/52?
1
Let i(v) = v**3 + 13*v**2 - v - 2 - 5 - 8*v**2. Let d be i(-7). What is the tens digit of ((-10)/(-4))/((-7)/d)?
3
Let q(h) = 27*h**2 + 1. Let c = 53 - 54. What is the tens digit of q(c)?
2
Suppose 5*l - 25 = -5*d, 3*l = -4*d + 14 + 3. What is the tens digit of -2 + (0 - (-225)/l)?
7
Suppose 0 = -3*b + 10 + 5, -5*k + 2*b = -5. Suppose k*j - 3*o = 684, -o = -4*j - 0*o + 912. What is the units digit of j?
8
Let h = 10 + 11. Suppose -q = h - 150. What is the tens digit of q?
2
Let s(d) = -d**3 + 19*d**2 + 24*d + 6. What is the units digit of s(17)?
2
Let i be (-2 + (-94)/4)*2. What is the units digit of -1*2/(-2) - i?
2
Let f(z) = -7*z + 48. Let j be f(7). What is the units digit of (13/(-65))/(j/985)?
7
Suppose 2*q + 3*g = 2, 0*g - g - 18 = -4*q. Suppose 5*w + 10 = 0, q*f = 2*f + w + 266. Suppose 2*v = -2*v + f. What is the units digit of v?
3
Let n be 8/(-6)*27/(-18). Suppose -n*u = -1 - 5. Suppose u*g + l - 35 = -0*l, 3*g - 3*l - 27 = 0. What is the tens digit of g?
1
What is the hundreds digit of 1015 + -42 - -3*(-6)/3?
9
Let u = -50 - -20. Let i = u + 3. Let x = 28 - i. What is the tens digit of x?
5
Let w(s) be the first derivative of -s**6/40 - s**4/24 + s**3/6 + s**2/2 + 6. Let l(i) be the second derivative of w(i). What is the units digit of l(-2)?
7
What is the hundreds digit of (-2)/(42/(-72129)) - 80/(-280)?
4
Let t = 9 + -9. Suppose 0 = 4*k - 7*k - 3*y + 12, t = -k - 5*y + 8. Suppose k*u - 5*h = 102, 4*u - 31 = -3*h + 76. What is the units digit of u?
9
Let n(s) be the first derivative of 2*s**3 - 3*s**2/2 + s - 16. What is the tens digit of n(-2)?
3
Let g = -52 + 88. Suppose 5*c - 14 - g = 0. What is the units digit of c?
0
Let r(m) = m + 553. What is the tens digit of r(0)?
5
Let s = 492 + -483. What is the units digit of s?
9
Let o = 1315 + 306. What is the hundreds digit of o?
6
Suppose 7*f - 2*f - 95 = 0. Let n = -17 + f. Suppose 64 = 3*u - 4*l, -l - 23 = -n*u + 13. What is the tens digit of u?
1
Let j(s) = 3*s**2 + 2*s + 1. Let h(r) = -7*r**2 - 4*r - 2. Let b(m) = 2*h(m) + 5*j(m). Let f be 0 + (-3)/((-3)/(-2)). What is the units digit of b(f)?
1
Suppose 3 - 75 = -3*p. Suppose -i + h = -h + p, i + 10 = -5*h. Let b = -17 - i. What is the units digit of b?
3
Let w(z) = -z**3 - 5*z**2 - 2*z - 7. Let c be w(-5). Suppose -c*p + 218